ose -5*a - 36 = -2*u, 0*u + 5*u - a = t. What are the prime factors of u?
13
Let h = 262 - 144. List the prime factors of h.
2, 59
Suppose 3*o = -2*o + 20. Suppose o*q = -3*f - 2*f, 2*q + 4*f = 0. List the prime factors of ((q - 2) + 5)/1.
3
Let f = 6 - 3. Suppose 13 + 8 = u + f*x, -5 = -x. What are the prime factors of u?
2, 3
Let h = 21 - 57. Let z = -24 - h. What are the prime factors of z?
2, 3
Suppose 5*x - 225 = 5*r, -8*x + 219 = -3*x + r. Let g(z) = 2*z**2 - z - 2. Let i be g(-5). List the prime factors of i/11 - (-8)/x.
5
Suppose -5*m - 4*w = 28, -5*m - 4*w = w + 30. Let s be 1 + 0/(1 - -2). Let a = s - m. What are the prime factors of a?
5
Let n(w) = -w + 4. Let o be n(6). List the prime factors of (o - -31) + -8 + 9.
2, 3, 5
Let q(l) = 3*l**2 + 2*l + 1. Let t be ((-9)/(-6))/(9/(-12)). List the prime factors of q(t).
3
Let h be 9*16/12 - 2. Let g(i) = i**2 - 11*i + 13. List the prime factors of g(h).
3
Let m(b) = -21*b + 13. What are the prime factors of m(-4)?
97
Let v be (-1 - 0)/((-1)/(-24)). What are the prime factors of ((-25)/(-20))/((-2)/v)?
3, 5
Suppose 3*o = -6, -4*v + v = 3*o + 3. Let a = v - -7. What are the prime factors of a?
2
Let a be -1 + (-3)/(-3) + 2. Suppose -a*f = f. Suppose f = -2*s - 3*r + 16, -5*s + 5*r + 33 = -7. List the prime factors of s.
2
Let i(h) = h**2 + 8. Let q be i(0). Let j be (-3)/2*q/(-6). Let x(m) = m**3 - 3*m + 3. List the prime factors of x(j).
5
List the prime factors of ((-18)/(-15))/(4 + 18/(-5)).
3
Let i = 151 - 26. What are the prime factors of i?
5
Let a(o) = o**3 + 9*o**2 + 9*o + 7. Let s be a(-8). What are the prime factors of ((-1)/s)/(4/216)?
2, 3
Suppose 53 - 17 = 3*m. Suppose 0 = r - 5*r + m. Suppose 0*s - s = -r. List the prime factors of s.
3
Let x = 65 + -55. List the prime factors of x.
2, 5
List the prime factors of (4 + -1)/((-42)/28) - -297.
5, 59
Let m = 125 - 76. What are the prime factors of m?
7
Let n(x) = x**3 + 4*x**2 - 2*x - 5. Let v be n(-4). Suppose -b - v*b = -8. What are the prime factors of b/6*(5 + 1)?
2
Let v = -4 - -3. List the prime factors of 2*(-9)/2*v.
3
Suppose 0 = 4*j - 745 + 137. List the prime factors of j.
2, 19
Let w(b) be the second derivative of 7*b**3/3 - 7*b. What are the prime factors of w(2)?
2, 7
Suppose 0 = 2*u - 15 - 115. What are the prime factors of u?
5, 13
Let s be (-2)/4 + (-22)/(-4). Suppose 2*d = s*d - 15. Suppose -o + d*x - 4 = 3*x, -16 = o - 5*x. List the prime factors of o.
2
Suppose 0*y + y = 0. Suppose 2*d + 3*o + 1 = 3*d, y = 5*d + o + 11. What are the prime factors of (4/d - -4)*4?
2
Suppose 7*i - 1314 = -54. What are the prime factors of i?
2, 3, 5
Suppose i - 1 = 1. Let w be (i/(-6))/((-2)/18). Suppose 30 + 6 = w*d. What are the prime factors of d?
2, 3
Let n(i) = 4*i + 6. What are the prime factors of n(4)?
2, 11
Let t = 34 + -13. Let u(n) = 39*n**2 - n + 2. Let s be u(1). Let l = s - t. List the prime factors of l.
19
Let x = 9 - 7. Suppose 3 + 11 = x*q. List the prime factors of q.
7
Let n(z) = z**2 + 5*z + 6. Suppose -4*h = 4*r + 4, -5*h + 0 = 4*r + 8. Suppose r*t + 12 = -2*f - 9, 2*f = 3*t + 9. What are the prime factors of n(t)?
2, 3
Suppose 0 = 5*h - h + 8, -h - 62 = -5*k. What are the prime factors of k?
2, 3
Suppose 4*r + 0*r = 0. Suppose n + n = r. Suppose n*h = 5*h - 15. List the prime factors of h.
3
Let u(x) = -x**3 + 7*x**2 + x - 3. What are the prime factors of u(3)?
2, 3
Suppose -3*h + 2 - 8 = 0. Let z = -3 - -13. Let m = z + h. List the prime factors of m.
2
Let c = 3 - 5. List the prime factors of ((-22)/(-4))/((-1)/c).
11
Let t be ((-24)/(-2))/(3/6). Let w = t - 3. What are the prime factors of w?
3, 7
Let b(s) = -s**2 - 9*s. Let y be b(-9). Suppose n - 5 = g - y, -5*g - 7 = n. List the prime factors of 4/n*84/8.
2, 7
Let x be 3 + -2*(2 + -3). Let u(j) = 4*j. Let q be u(1). Suppose 0*v + q*y = 5*v - 36, x*v = -3*y + 8. What are the prime factors of v?
2
Suppose 0 = t - 28 - 1. What are the prime factors of t?
29
Let u(d) = -d**3 - 4*d**2 + 7*d + 5. Let h be u(-5). Let r(i) = -i**3 - 4*i**2 + 3*i - 6. What are the prime factors of r(h)?
2
Let s(b) = b + 3. What are the prime factors of s(8)?
11
Let b(i) = -i**3 + i**2 + 7. Let s be b(0). Let m = s + -2. What are the prime factors of m?
5
Let b(m) = m**3 - 4*m**2 - 4*m - 4. Let s be b(5). List the prime factors of 2 - (s - 6*1).
7
Let p(k) = k**3 - 8*k**2 - 2. Let i be p(8). List the prime factors of i + 35 + (-1)/(-1).
2, 17
Let k be (21/9)/7*3. Let l(d) = 9*d**2 - 2*d + 1. Let q(f) = 19*f**2 - 5*f + 2. Let u(v) = 5*l(v) - 2*q(v). What are the prime factors of u(k)?
2
Suppose -3*c = -3*g + 27, 5*c + 3*g = 4*c + 3. Let b be (4 - 3) + c/3. Let z = 2 - b. List the prime factors of z.
3
Suppose -7*d + 12 = -6*d. Let j = -7 + d. List the prime factors of j.
5
Let j(r) = r**3 - r**2 + 2. Let k be j(0). Let s be 16/(-5)*(-15)/k. Suppose -4*y - 5 = v - 26, 0 = y + 4*v - s. List the prime factors of y.
2
Suppose 6*k - k = -v + 36, 3*v + 4*k = 119. What are the prime factors of v?
41
Let n = 138 + -40. What are the prime factors of n?
2, 7
Suppose 0 = d - 3*b - 49, 2*b + 0*b = -d + 44. What are the prime factors of d?
2, 23
Let f be (-142)/4 - 2/4. Let n be (3 - 2) + -1 - f. Suppose 2*l = 5*l - n. What are the prime factors of l?
2, 3
Let v(q) = 11*q - 9. Let w be v(7). Suppose 0 = -5*c - 0*c - 3*j + w, -4*j = -5*c + 61. What are the prime factors of c?
13
Let o(z) = -z**3 + 6*z**2 + 2. Let h be o(6). Let t be (-1)/h*(-12 - -2). Suppose t*l - 62 = -2. What are the prime factors of l?
2, 3
Let n(u) = 3*u - 4 + u + 4. Let y be n(1). Suppose 0 = y*w - 6*w - 5*g + 4, -4 = -2*w - 4*g. What are the prime factors of w?
2
Suppose 25 = 5*u - 0*u. Suppose 6*m - m = u, -3*m = -k + 25. What are the prime factors of k?
2, 7
Let q = -213 - -250. What are the prime factors of q?
37
Let q(p) = p**2 + 3*p + 1. Let a be q(-8). Suppose 3*n = -k + 42, 3*n - 3*k - a = -11. What are the prime factors of n?
13
Let p be 8/(-20) - 22/(-5). Let q(f) = p*f + 1 + 3*f - 5*f. What are the prime factors of q(5)?
11
Let k(i) = 53*i + 2. Suppose 5*d + 10 - 15 = 0. What are the prime factors of k(d)?
5, 11
Let d(b) = -b**2 + 6*b + 10. Let u(z) = -z + 2. Let x be u(-5). Suppose -n + 0 = -x. What are the prime factors of d(n)?
3
Let h(y) = -2*y**2 + 31. Let f be h(0). Let t = 61 - f. What are the prime factors of t?
2, 3, 5
List the prime factors of 15/(-5)*-29 + 2*1.
89
Let w(s) = 2 + 0*s**2 - 3 - 2*s**2 + 13*s**2. What are the prime factors of w(-1)?
2, 5
Let x(w) = w**2 + 2. What are the prime factors of x(4)?
2, 3
Let d be (-1)/(-4) - 19/(-4). Suppose d*g + 78 = 4*x, x - 3*g = 2*g + 12. What are the prime factors of x?
2, 11
Let u be 8/(-6)*(-9)/6. Suppose -u*f - 9 = 11. What are the prime factors of 12/f*(-60)/9?
2
Suppose -3*p + 140 + 4 = 0. List the prime factors of p.
2, 3
Suppose -8 - 7 = -2*y + 5*w, 0 = 5*w + 25. Let k be 8/y*(-10)/4. Suppose 0 = 2*z, 3*z - k*z - 10 = -i. What are the prime factors of i?
2, 5
Suppose 5*d - 6 = k + 14, -4*d = -3*k - 16. Suppose 2*n = -k*n. List the prime factors of n + 8 + -1 + 0.
7
Let b = -10 - -17. Let o(x) = x - 7. Let w be o(b). List the prime factors of (-1 + (-1 - w))*-4.
2
Suppose 3*g - 3*l - 18 + 6 = 0, -5*l - 11 = 4*g. Let c be (g/2)/(1/4). List the prime factors of (-21)/(-6) - c/(-4).
2
Let s = 22 - 0. What are the prime factors of s?
2, 11
Suppose -6*c + 65 = -85. Let k(f) = -f**3 + 2*f**2 + 5*f - 4. Let a be k(3). Suppose -a*o = -d + 5, -d + o + c = 3*o. List the prime factors of d.
3, 5
Suppose -3 = -a - 0*a. Suppose a*o - 12 = -0*o. Suppose 0*u - u - 23 = -5*k, o*u = 8. What are the prime factors of k?
5
List the prime factors of 204/10*(-5)/(-2).
3, 17
Suppose 0 = 2*w + b - 257, 1 = -2*b + 3. What are the prime factors of w?
2
Let b = 133 - 73. Let p = b - 33. What are the prime factors of p?
3
Let g(o) = -2*o + 3. List the prime factors of g(-6).
3, 5
Suppose -6*n = -3*n - 15. What are the prime factors of n?
5
Let j(k) = k**3 + 5*k**2 + 2*k + 1. Let z = 2 - -1. Suppose -z*q = -q + 8. What are the prime factors of j(q)?
3
Let v = 21 + -2. List the prime factors of v.
19
Let t(v) be the third derivative of v**4/12 - 5*v**3/2 + 5*v**2. What are the prime factors of t(12)?
3
Let t(v) = 3*v**3 - 4*v**2 + 3. Let u(y) = -7*y**3 + 9*y**2 + y - 7. 